
248
Calculate the greatest common divisor of 1003 and 63312133.
59
What is the highest common divisor of 3432456 and 135?
27
Calculate the greatest common factor of 1168384 and 13712384.
7168
What is the highest common divisor of 9959956 and 40828?
692
What is the highest common factor of 1023975 and 39114?
369
What is the highest common factor of 2150 and 557350?
50
What is the greatest common factor of 4222596 and 36?
12
Calculate the greatest common factor of 153803692 and 34.
34
What is the highest common factor of 2 and 9540132?
2
Calculate the greatest common factor of 800 and 72245280.
160
What is the greatest common factor of 70 and 6061615?
35
Calculate the greatest common divisor of 74711399 and 777.
259
Calculate the greatest common factor of 1310 and 344770.
10
Calculate the greatest common factor of 26325 and 16022175.
975
Calculate the highest common divisor of 1594 and 591977329.
797
Calculate the highest common factor of 480005036 and 70.
14
Calculate the greatest common divisor of 664 and 2592256.
664
What is the highest common factor of 672807465 and 33?
33
Calculate the greatest common divisor of 687250 and 360119.
2749
What is the highest common divisor of 15 and 1056765?
15
Calculate the highest common divisor of 4783774 and 32566.
1714
What is the highest common divisor of 474824702 and 44?
22
What is the highest common factor of 78 and 2908596?
6
What is the highest common factor of 15 and 33540105?
15
What is the greatest common factor of 11880 and 455535?
45
What is the highest common factor of 224795837 and 466?
233
What is the highest common divisor of 2156 and 6623870?
22
What is the highest common factor of 312 and 767148?
12
Calculate the greatest common factor of 80 and 1493510.
10
What is the highest common divisor of 274 and 9146?
2
Calculate the greatest common divisor of 37 and 1183.
1
Calculate the highest common factor of 7552 and 37038784.
3776
What is the highest common divisor of 259 and 413216?
37
Calculate the highest common factor of 60070392 and 63.
9
Calculate the highest common divisor of 18 and 1801986.
6
What is the greatest common divisor of 937505205 and 670?
335
What is the highest common divisor of 50542 and 15133?
37
Calculate the greatest common factor of 12151 and 5017.
29
What is the greatest common factor of 411470096 and 1312?
656
Calculate the greatest common divisor of 3162456 and 232.
8
What is the greatest common factor of 13 and 132246088?
13
What is the highest common divisor of 65 and 108215?
5
What is the greatest common divisor of 100867800 and 2325?
2325
Calculate the greatest common factor of 192687754 and 1953.
217
What is the greatest common factor of 67822574 and 929?
929
Calculate the highest common factor of 51674313 and 3.
3
What is the greatest common divisor of 27606 and 127710?
258
What is the greatest common divisor of 702971 and 43523?
71
What is the greatest common factor of 572 and 50179415?
143
What is the highest common factor of 11223 and 12209?
29
Calculate the greatest common divisor of 23061908 and 16140.
1076
Calculate the greatest common divisor of 4833 and 6680178.
27
Calculate the greatest common divisor of 1445978147 and 4009.
4009
Calculate the greatest common divisor of 49021 and 338975.
1043
What is the greatest common divisor of 656324 and 69793?
71
Calculate the highest common factor of 2536632 and 28584.
72
What is the highest common factor of 3295 and 464629927?
659
Calculate the highest common factor of 450018 and 67068.
414
Calculate the greatest common divisor of 696917 and 923.
13
Calculate the highest common divisor of 652 and 17938313.
163
What is the greatest common divisor of 4041352 and 176?
8
Calculate the highest common divisor of 21372 and 198001716.
1644
What is the greatest common divisor of 141 and 46025220?
141
What is the highest common divisor of 29296080 and 1200?
240
What is the highest common factor of 1387361 and 40717?
19
What is the greatest common divisor of 6803 and 815?
1
What is the greatest common divisor of 657229833 and 63?
9
What is the highest common divisor of 60494 and 710134?
298
What is the highest common divisor of 56243553 and 57?
57
Calculate the highest common factor of 821825 and 1098725.
1775
What is the greatest common factor of 8 and 289363876?
4
Calculate the greatest common divisor of 352 and 13911392.
352
Calculate the greatest common divisor of 22065030 and 2730.
390
What is the highest common divisor of 8337519 and 545?
109
What is the greatest common factor of 1633732 and 110?
2
Calculate the highest common factor of 154712 and 1181776.
1864
What is the greatest common factor of 1392 and 84965766?
174
What is the greatest common factor of 14 and 25612082?
2
Calculate the highest common factor of 820050018 and 2234.
2234
Calculate the highest common divisor of 5074454 and 322.
14
What is the highest common factor of 2 and 1130566?
2
Calculate the greatest common divisor of 63700 and 2950675.
2275
What is the highest common divisor of 9345 and 7659785?
3115
What is the greatest common factor of 18 and 89916579?
9
What is the highest common factor of 16796 and 1118039?
221
What is the highest common divisor of 32592 and 51216000?
4656
What is the greatest common factor of 15311 and 3399544?
251
What is the highest common divisor of 1410745 and 1575?
35
Calculate the greatest common divisor of 16779 and 1232721.
357
What is the highest common divisor of 28760207 and 6146?
3073
What is the highest common divisor of 746152 and 7645?
1529
What is the greatest common divisor of 118495071 and 25767?
3681
What is the greatest common factor of 96 and 994200?
24
What is the highest common factor of 8 and 217406996?
4
Calculate the greatest common divisor of 186013026 and 4272.
534
What is the highest common factor of 3344 and 295871686?
418
Calculate the highest common factor of 5722024 and 3080.
616
What is the highest common factor of 40626486 and 3096?
774
What is the greatest common factor of 63010 and 13410?
10
What is the greatest common divisor of 5291 and 11170929?
407
Calculate the greatest common factor of 14135184 and 1848.
168
What is the greatest common divisor of 776 and 82495202?
194
Calculate the greatest common factor of 2935090 and 49880.
290
Calculate the highest common factor of 392589 and 31597713.
1629
Calculate the greatest common divisor of 325142 and 3668.
262
What is the greatest common divisor of 902431 and 8480?
53
What is the greatest common divisor of 19798064 and 17017?
2431
Calculate the greatest common divisor of 2245 and 270569645.
2245
Calculate the highest common factor of 18626201 and 3685.
737
What is the highest common divisor of 99435654 and 54?
54
Calculate the highest common factor of 31843903 and 364.
91
Calculate the greatest common divisor of 21679441 and 2815.
563
Calculate the greatest common factor of 233765 and 48475.
35
Calculate the greatest common factor of 380 and 10365070.
190
What is the highest common divisor of 22949184 and 948?
948
What is the greatest common divisor of 108307 and 221697?
391
What is the greatest common divisor of 1632415596 and 84?
84
Calculate the highest common factor of 6118 and 2206666.
322
Calculate the highest common divisor of 6695 and 295801580.
515
Calculate the highest common divisor of 1196078 and 3215914.
4654
Calculate the highest common factor of 6194 and 117695291.
3097
What is the highest common factor of 15480231 and 1482?
741
What is the highest common divisor of 76152 and 3268?
76
What is the highest common divisor of 141570 and 3410?
110
Calculate the greatest common divisor of 259 and 506772868.
259
What is the greatest common factor of 264 and 1304344?
8
What is the highest common divisor of 450588485 and 2482?
1241
Calculate the highest common factor of 5808 and 248694.
6
Calculate the greatest common divisor of 87 and 2279719.
29
What is the greatest common divisor of 1090804082 and 34?
34
Calculate the greatest common divisor of 180026873 and 18807.
6269
Calculate the greatest common factor of 156833 and 22.
1
Calculate the highest common divisor of 311477582 and 182.
26
What is the greatest common divisor of 6 and 330818772?
6
What is the greatest common divisor of 19683 and 1562247?
729
Calculate the